t v(p) = 8244*p - 8089. Is v(67) a composite number?
False
Suppose -121*m + 123*m - 59325 = -d, -4*m = d - 59327. Is d prime?
False
Let n be 2*7/((-98)/(-2444729)). Suppose 4*u + 87314 = d + u, -4*d + 3*u = -n. Is d a prime number?
False
Let m = -64 - -164. Suppose -10*a + m + 270 = 0. Suppose -3*b + 4*d + 49 = 0, -39 = -5*b + d + a. Is b a composite number?
True
Let b(x) = x**3 + 4*x**2 - 7*x. Let j be b(-5). Suppose -j*d = 3*s - 7*d - 9903, 3*s - 9887 = 5*d. Is s a prime number?
True
Suppose 0 = 3*n + 4*g - 59027, -101*n + 98421 = -96*n - 4*g. Is n a composite number?
False
Let t(x) = 92141*x**3 + x - 1. Is t(1) prime?
False
Is ((-117358)/4)/(65/(-910)) a prime number?
False
Suppose 6*c - 5*x - 772718 = 4222986, c - 832609 = 5*x. Is c prime?
False
Let y(u) = 18730*u - 324. Is y(5) prime?
False
Let h(v) = -515*v + 43. Let q(n) = -1029*n + 86. Let g(b) = 5*h(b) - 2*q(b). Let k be g(-11). Is k - 5/10*-2 composite?
True
Let k = 45 + -42. Suppose k*m - 12 = -m. Let s(j) = 16*j**3 - 3*j**2 - 4*j + 4. Is s(m) a prime number?
True
Let d be 9/(135/(-6)) - (-22)/5. Suppose -77 = -d*n - 5229. Let j = -611 - n. Is j prime?
True
Let u = -45 - -43. Let b(d) = -d**2 - d + 4. Let c be b(u). Suppose -4*p + 5*f = f - 1080, 1378 = 5*p + c*f. Is p composite?
True
Is ((-17)/952*9261352)/(1 - 16/14) prime?
True
Let y = 5373 - 20227. Is 0 + (0 - (-3)/(-6))*y composite?
True
Suppose -247169 - 172566 - 91957 = -12*x. Is x a prime number?
True
Let x = -155 + 54. Is ((-56698)/8)/(x/404) composite?
False
Let d be 3*(16/(-12) + 1). Let y be d + 4 - 5 - -7379. Suppose -3*t + y = -4*u, -t - 2*u + 394 = -2065. Is t prime?
True
Let d(i) = 12495*i**2 + 98*i - 121. Is d(6) composite?
False
Let j(i) = -6*i**3 - 14*i**2 - 14*i - 217. Is j(-13) prime?
True
Let f(x) be the second derivative of 0*x**3 + 11/2*x**2 - 17*x + 1/20*x**5 + 0 + 7/4*x**4. Is f(-9) prime?
True
Let w be 3/2*-79*14412/(-18). Suppose -37174 + w = 15*v. Is v composite?
False
Suppose -66 = -p + 4810. Suppose -22*g - 9741 = -2*y - 21*g, y - p = -5*g. Is y prime?
True
Is (-1961960 + 225)/((0 + -1)/1) a composite number?
True
Let u(a) = -12 - 6 - 59*a - 15 + 21*a. Is u(-17) a composite number?
False
Let z = 75293 - 42800. Is z prime?
False
Let a(j) be the second derivative of -127*j**6/240 + j**5/120 - 3*j**4/2 - 27*j. Let l(t) be the third derivative of a(t). Is l(-2) a prime number?
False
Is (28/((-336)/(-19086)))/(1/2) composite?
False
Let g = -3133 - -411. Let a = g + 7607. Is a prime?
False
Suppose 2416195 = -67*r + 13712328. Is r prime?
True
Suppose 33*t - 1574280 = -18*t + 5961531. Is t prime?
True
Let f(o) = 200885*o**3 - 6*o**2 + 12*o - 6. Is f(1) a prime number?
False
Let w be 2 + -6 + 5*(-10)/(-25). Let y be (1*2/4*w)/(-1). Is (-142)/(0 + 3 + -5)*y a composite number?
False
Is 2 + 958/(-3)*(-984)/80*5 a composite number?
True
Suppose 74 - 59 = -3*r. Let b be (-14)/(-2) + (r - -5). Suppose -4*w + b*w = -5*a + 593, 16 = 4*a. Is w a prime number?
True
Let h(b) = b**3 + 3*b**2 + b + 1. Let i be h(-2). Suppose 0 + 21 = 5*n + i*q, 3*n - 27 = 3*q. Is (2/n)/((-1)/(-669)) composite?
False
Suppose 13*q = 45*q - 64864. Let v = -1158 + q. Is v a composite number?
True
Let i be -1 + (6 - -2 - 4). Suppose 0 = 7*c - i*c - 5*p - 54123, c + 4*p - 13557 = 0. Is c composite?
False
Let d = -216 + 2807. Is d a composite number?
False
Suppose 60 = -2*v + 74, -2*u = 2*v - 349900. Is u a prime number?
True
Let r be (-4128)/(-56) - 2 - 2/(-7). Suppose 78*v - 3522 = r*v. Is v a prime number?
True
Let j(c) = 2*c**2 - 3*c - 15. Suppose 2*z - 200 = -3*z. Suppose 42*i - z = 38*i. Is j(i) composite?
True
Let b be 21/35 - 112/20. Let p(h) = -619*h + 56. Is p(b) a prime number?
False
Let r(p) = -205*p**3 - 11*p**2 - 17*p - 42. Is r(-5) composite?
True
Suppose -2262 = -14*j + 7132. Let s = j - 134. Is s a composite number?
True
Let v(j) = -j**3 + 40*j**2 + 37*j + 27. Is v(21) prime?
False
Let y(v) = -104*v**3 + 38*v**3 + 32*v**3 + 41*v**2 + 35*v**3 + 167 - 46*v. Is y(-38) a composite number?
False
Let o be 2 + 2108333 - (8 - 2). Suppose 123115 - o = -66*n. Is n composite?
True
Suppose 2*z + 2*q = 6, -3*q = 4*z - 13 - 3. Suppose -z*o + 4897 + 23257 = 0. Is o composite?
True
Let g = -293 - -303. Suppose 0 = -17*d + g*d + 2933. Is d a prime number?
True
Is (-15)/6*144/45 - (-500090 + -1) a prime number?
True
Let s be (-27)/(-3) - (2 - 3 - -3). Suppose -3*g = -17 + 8. Suppose 1997 = g*a - s*m + 2*m, -2*a + 1314 = m. Is a a prime number?
True
Let z be 6/(-4) + 11135/10 + 1. Is (548/(-2))/((-7)/(z/6)) a composite number?
True
Let d = 60302 - 22623. Is d prime?
False
Let g be (-5250)/(2/8 + (-39)/60). Suppose 7640 = 5*w - g. Is w prime?
True
Suppose -4707 = 3*z - 12855. Let y be ((-21)/(-7))/(2/(-4)) + -2. Is (y/16)/((-2)/z) composite?
True
Let q be (-96)/9*(-6)/4. Suppose 12*l - 10*l = q. Is (1 - 146/6)*(-12)/l a composite number?
True
Let k be (88620/36 - 2/3)*1. Suppose 4*d - k = -3*n + 522, 0 = -4*n + 4. Is d a prime number?
False
Let f(u) = 3*u**3 - 16*u**2 - 27*u + 28. Let x be f(26). Suppose -8*v - 15614 = -x. Is v a composite number?
False
Let l(v) = -v**3 - 9*v**2 - 2*v + 22. Let q be l(-8). Let p = 21 + q. Let t(s) = -s**3 + 7*s**2 + 2*s + 8. Is t(p) prime?
False
Let k be 112/(-14)*((-10)/(-4) - 0). Is 3964*((-85)/k + -4) prime?
True
Let q(d) be the second derivative of d**4/4 + d**3/3 + 9*d**2/2 - d - 350. Let y = 8 - 13. Is q(y) composite?
True
Let c = 1351 - 391. Suppose -5505 = -3*u + c. Is u prime?
False
Is -6 + 4 - 1 - (-156891 + 1) composite?
False
Let t(x) = -622*x**3 - 8*x**2 + 79*x - 26. Is t(-11) prime?
True
Let j be 1/4*2*2. Let q be 0 + (0/(-1*4))/j. Let t(n) = -n + 493. Is t(q) a composite number?
True
Let v(t) = 9712*t - 65. Is v(4) prime?
True
Let s be (-8)/(-60)*9*5. Suppose s*h - 565 = h. Let d = 168 - h. Is d prime?
False
Let o = -2592 + 1772. Let h = 1517 - -202. Let w = o + h. Is w composite?
True
Let h = -98913 - -197374. Is h composite?
True
Let r = 49037 + -15076. Is r composite?
False
Is 2/(-8)*2*-22934 a composite number?
False
Let t(s) = -635*s**3 - 4*s**2 + 2*s. Let p be t(3). Is (-4)/(-14) - 13/(455/p) prime?
True
Let d = -116 + 117. Is 6/5 - d - 233610/(-325) composite?
False
Suppose 2*i - 4*j + 731 = 2259, 5*i = -2*j + 3784. Suppose 0 = -w + 708 + i. Is w a composite number?
True
Suppose -17*b + 19*b + 12 = 0. Let f be 72/(-2)*2/b. Is (-1146)/2*1*(-4)/f composite?
False
Suppose 3*x = 3*n + 45, 5*n - 8*n - 2*x - 20 = 0. Let w(h) = -472*h + 49. Is w(n) prime?
False
Suppose -20*k = -4134 - 3626. Let g = -137 + k. Is g composite?
False
Let d be ((-2)/(-4) - 3/(-2))*93. Let i = 2406 - 699. Suppose -n = -d - i. Is n a prime number?
False
Let o be 1/(-1 + -1 - (-39)/21). Let z = 14 + -12. Is (-3579)/6*(3 + o + z) a composite number?
False
Suppose 0 = -4*i + 19 + 3849. Suppose -5*g - 2*w - 5 = -28, 5*g - 4*w - 29 = 0. Suppose -g*h + i = 162. Is h composite?
True
Suppose 3*b - 5*v = 666558, -2*b - 7*v = -12*v - 444377. Is b a prime number?
False
Suppose -5*r - 213333 = -4*j, 0 = 2*j - 4*r - 107981 + 1307. Is j composite?
False
Suppose -2*c + 5*c = 12. Let b = -8 - c. Is (345/b)/((-5)/20) composite?
True
Let n(y) be the third derivative of -y**4/24 + 429*y**3/2 - 13*y**2. Let z be n(0). Suppose 4*o = -q + z + 433, 4*o + 3*q = 1712. Is o prime?
True
Let m = 10689 + -3806. Suppose 2*u - 26*a + 27*a = 6903, -2*u + 3*a + m = 0. Is u a prime number?
True
Suppose 5*f - 16*f + 719389 = 0. Is f a composite number?
True
Suppose 16 = o - w, 4*w + 58 + 17 = 5*o. Suppose 9313 - 57779 = -o*p. Is p a prime number?
False
Suppose 26 = -2*p + 2*t, 3*p + 4*t + 30 = -23. Is 4 + p/5 - (-16960 + 8) a composite number?
True
Let x = 71 - 127. Let o = x - -58. Is (-1 + (-2241)/(-6))/(o/4) prime?
False
Suppose 0*v = v. Let a be (-11 - 14)/(11/(-407)). Suppose -3*m - 4*b + a = v, 2*b + 1523 = 5*m + 4*b. Is m a composite number?
True
Let w = -2 + 15. Let k = -35202 + 61108. Suppose -w*t + k = 9240. Is t composite?
True
Let u be 4/((-36)/27)*151/3. Let y = 9092 + u. Is y a prime number?
True
Let b = 129602 - 45171. Is b a prime number?
True
Let p(b) = -283*b - 3063. Is p(-40) composite?
True
Suppose -h + 16 = h + 4*z, -3*h + z = -17. Let n be (h - 872/12)*(-42)/4. Suppose n = 2*o + 198. Is o composite?
False
Suppose 0 = -2*q - 3*t + 31